100 divide 110677500?
True
Does 43 divide 123743141?
False
Is 12 a factor of 3157092?
True
Is 28730099 a multiple of 103?
True
Is 50 a factor of 806713863?
False
Is 1056208920 a multiple of 520?
True
Does 51 divide 492230860?
False
Is 23 a factor of 75207332?
True
Does 9 divide 15585237?
True
Is 146459679 a multiple of 171?
False
Is 345917295 a multiple of 5765?
True
Is 9325408 a multiple of 16?
True
Is 49469048 a multiple of 58?
False
Is 1219139551 a multiple of 7?
True
Is 256419042 a multiple of 2046?
True
Does 27 divide 742766955?
False
Does 53 divide 2655619423?
False
Does 69 divide 209551048?
False
Does 16 divide 265063444?
False
Is 62154 a multiple of 7?
False
Does 15 divide 7177935?
True
Does 15 divide 139203975?
True
Is 640659300 a multiple of 29?
True
Is 687853800 a multiple of 1935?
True
Is 1102 a factor of 29946216?
False
Does 2987 divide 120379087?
True
Does 158 divide 175979136?
True
Is 1734549602 a multiple of 1916?
False
Is 2564414952 a multiple of 33?
True
Is 3482765 a multiple of 143?
True
Does 37 divide 9208362?
False
Is 3050465 a multiple of 55?
True
Is 1132 a factor of 96995420?
True
Does 75 divide 76579875?
True
Is 107265564 a multiple of 133?
True
Does 12 divide 995939460?
True
Does 121 divide 9146995?
True
Does 3 divide 261048073?
False
Does 4938 divide 197628210?
False
Is 3926665173 a multiple of 5959?
True
Is 389 a factor of 813751580?
False
Does 138 divide 1633782?
True
Is 42 a factor of 4539434609?
False
Is 2898378 a multiple of 126?
True
Does 137 divide 152351450?
False
Is 104269310 a multiple of 5?
True
Is 371781891 a multiple of 17?
True
Is 39 a factor of 3207351?
False
Is 34 a factor of 30527138?
True
Is 194861979 a multiple of 435?
False
Is 32004310 a multiple of 11?
False
Does 2 divide 5280726?
True
Is 1958 a factor of 47211296?
True
Is 994 a factor of 1555181?
False
Is 53 a factor of 299493559?
False
Is 477346496 a multiple of 58?
True
Is 9 a factor of 472938601?
False
Is 38584114 a multiple of 384?
False
Does 507 divide 168843976?
False
Is 33697792 a multiple of 16?
True
Does 2204 divide 65556445?
False
Is 6274577 a multiple of 16?
False
Is 11 a factor of 149525969?
False
Is 157884290 a multiple of 5?
True
Is 173697777 a multiple of 33?
True
Is 415716031 a multiple of 17?
False
Is 140101314 a multiple of 111?
True
Does 115 divide 203844860?
True
Is 92 a factor of 975014587?
False
Is 350134106 a multiple of 2282?
True
Does 1085 divide 1923747?
False
Does 5 divide 1039569059?
False
Is 4391 a factor of 1827470011?
False
Is 3684 a factor of 55127376?
True
Is 67 a factor of 2551399382?
False
Is 391 a factor of 1275544833?
True
Is 1205 a factor of 125855020?
True
Is 27194982 a multiple of 26?
False
Does 203 divide 350797224?
False
Does 15 divide 3366868609?
False
Is 54 a factor of 23775061?
False
Is 15 a factor of 311323185?
True
Is 5146005 even?
False
Is 1565 a factor of 88765235?
True
Is 6639 a factor of 1153220856?
True
Is 255 a factor of 55889718?
False
Is 308114795 a multiple of 205?
True
Is 25 a factor of 1700330552?
False
Is 834514798 a multiple of 13?
True
Is 5901 a factor of 130058040?
True
Is 53809128 a multiple of 362?
True
Does 4 divide 103360104?
True
Is 42523238 a multiple of 197?
True
Is 338088606 a multiple of 1942?
True
Is 202 a factor of 51664116?
False
Does 171 divide 637329578?
False
Is 84 a factor of 1813727160?
True
Is 3 a factor of 23636142?
True
Is 450 a factor of 53919900?
True
Is 1887 a factor of 75574792?
False
Is 4208 a factor of 140160064?
True
Is 7097640 a multiple of 380?
True
Is 510 a factor of 23864870?
False
Is 735 a factor of 498438780?
True
Is 41 a factor of 36110265?
False
Does 10 divide 32389510?
True
Does 164 divide 527458020?
False
Is 8 a factor of 25159848?
True
Is 323593368 a multiple of 168?
True
Is 4003 a factor of 2742606990?
False
Is 86288956 a multiple of 52?
True
Does 3861 divide 33524585?
False
Does 96 divide 40575456?
True
Does 3792 divide 170253216?
True
Is 5061599913 a multiple of 45?
False
Is 297 a factor of 7588944?
True
Does 167 divide 8517368?
False
Is 457 a factor of 83906571?
True
Is 6736 a factor of 687617616?
True
Is 54 a factor of 3710541?
False
Does 470 divide 2883760555?
False
Is 1671807515 a multiple of 12?
False
Does 496 divide 1530664694?
False
Does 643 divide 617752221?
False
Does 4 divide 233730281?
False
Does 37 divide 2359475331?
False
Is 49004955 a multiple of 88?
False
Is 5649761 a multiple of 13?
True
Is 125216695 a multiple of 1739?
True
Does 44 divide 302344893?
False
Is 531187503 a multiple of 399?
True
Is 7637888 a multiple of 82?
False
Does 819 divide 2213757?
True
Does 4 divide 6331904?
True
Is 63012021 a multiple of 50?
False
Is 376865787 a multiple of 1471?
True
Is 1254670662 a multiple of 498?
True
Is 627201201 a multiple of 2993?
False
Is 15296064 a multiple of 599?
True
Does 58 divide 166168202?
True
Is 20 a factor of 143593460?
True
Is 144822040 a multiple of 22?
True
Is 22 a factor of 737372856?
True
Is 243 a factor of 12389039?
False
Is 47 a factor of 1730663704?
True
Is 849 a factor of 583966?
False
Is 767472487 a multiple of 143?
False
Does 1400 divide 369022409?
False
Does 46 divide 231052296?
True
Is 6378 a factor of 1664779182?
True
Is 120009660 a multiple of 1401?
True
Is 10752462 a multiple of 441?
True
Is 199195479 a multiple of 417?
True
Is 33177570 a multiple of 43?
False
Does 201 divide 14365864?
False
Is 22 a factor of 49321756?
True
Is 91 a factor of 252134610?
True
Is 5363476973 a multiple of 1106?
False
Is 8 a factor of 325276209?
False
Is 2255413953 a multiple of 221?
True
Is 34030940 a multiple of 202?
True
Does 58 divide 11000978?
False
Does 34 divide 75588698?
True
Is 3383340570 a multiple of 45?
True
Is 10 a factor of 40360706?
False
Is 308 a factor of 58666300?
True
Is 3 a factor of 58042132?
False
Does 266 divide 25749352?
False
Is 3 a factor of 948261859?
False
Does 4474 divide 231318567?
False
Is 390 a factor of 635924640?
True
Is 342 a factor of 38917009?
False
Does 50 divide 94218850?
True
Is 288 a factor of 4747908888?
False
Does 777 divide 680492770?
False
Is 6126542266 a multiple of 503?
False
Does 11933 divide 1833839574?
True
Is 30159216 a multiple of 54?
True
Does 897 divide 177058830?
True
Does 46 divide 72936405?
False
Is 527518002 a multiple of 309?
True
Is 120149221 a multiple of 19?
False
Is 564 a factor of 359380175?
False
Does 495 divide 245420333?
False
Is 49 a factor of 279885501?
True
Is 148383369 a multiple of 7349?
False
Is 30030350 a multiple of 10?
True
Is 329 a factor of 29581706?
True
Is 41 a factor of 458200319?
False
Is 13 a factor of 117341705?
True
Is 122714422 a multiple of 12?
False
Does 47 divide 62429504?
False
Is 132925406 a multiple of 28?
False
Is 914 a factor of 87713915?
False
Is 758 a factor of 106080680?
False
Is 38870782 a multiple of 1569?
False
Does 280 divide 85960?
True
Does 35 divide 1493836355?
False
Is 168 a factor of 5649221?
False
Is 100 a factor of 2311601100?
True
Is 79 a factor of 30231088?
True
Is 975 a factor of 411547500?
True
Does 214 divide 25823130?
False
Is 17540877 a multiple of 101?
False
Is 5 a factor of 56707928?
False
Is 2977335 a multiple of 327?
True
Does 129 divide 75049858?
False
Does 2950 divide 3093225768?
False
Does 5 divide 71777320?
True
Is 23 a factor of 55862057?
False
Does 48 divide 138456528?
True
Is 475 a factor of 32897048?
False
Is 192 a factor of 10848192?
True
Does 996 divide 94236540?
True
Is 26 a factor of 563500392?
True
Does 48 divide 204374819?
False
Is 959 a factor of 321510705?
False
Is 2961769 a multiple of 31?
False
Is 2585122408 a multiple of 1496?
True
Does 75 divide 1073441925?
True
Does 6 divide 9186934?
False
Is 15 a factor of 122707603?
False
Does 22 divide 3784?
True
Is 15105650 a multiple of 1479?
False
Is 314200 a multiple of 28?
False
Does 351 divide 2886076089?
True
Does 385 divide 6939635593?
False
Is 11197333 a multiple of 71?
False
Is 614 a factor of 63309437?
False
Is 489055646 a multiple of 3?
False
Is 164 a factor of 50946084?
False
Is 12 a factor of 3870852405?
False
Is 26 a factor of 73440276?
True
Does 9369 divide 715388733?
True
Does 85 divide 634378885?
True
Is 197780076 a multiple of 12?
True
Is 3 a factor of 1531674?
True
Is 166511676 a multiple of 2268?
False
Is 354289766 a multiple of 1